r = p + -14. What is the remainder when 43 is divided by r?
13
Suppose -33 = 5*i + 27. Let g = 29 + i. What is the remainder when 50 is divided by g?
16
Calculate the remainder when -1 + (-76 - 2)/(-3) is divided by 9.
7
Let b be 1*5/(10/4). Suppose 0 = -2*k + k + b. Suppose -34 = -k*t - 4. Calculate the remainder when t is divided by 4.
3
Suppose 5*l - 28 = -3. Suppose 3*n - 61 = l. Let h(s) = 9*s**2 - 1. What is the remainder when n is divided by h(1)?
6
Let b = 77 - 30. Calculate the remainder when b is divided by 17.
13
Let r = -199 - -214. Calculate the remainder when 56 is divided by r.
11
Let n(u) = -u**2 - 24*u - 39. What is the remainder when 51 is divided by n(-22)?
1
Let v(a) = 3*a**2 - 4*a - 7. Let d = -6 - -9. Let r(i) = -i**2 + i + 2. Let z(y) = d*v(y) + 8*r(y). Calculate the remainder when 12 is divided by z(6).
5
Suppose -4*r + 72 = 2*w - 4*w, -3*w + 68 = 5*r. What is the remainder when r is divided by 9?
7
Let q(l) = -8*l + 8. Let n be q(6). Let c = n - -78. Let d = 12 - 2. What is the remainder when c is divided by d?
8
Suppose 2*m - 6*m + 100 = 0. Suppose -2*r - 148 = -5*v, -v - 2*r = 5 - m. Calculate the remainder when v is divided by 15.
13
Let g = 21 + 18. Calculate the remainder when g is divided by 21.
18
Suppose -4*k + 7*k - 3*j = 0, 0 = k - 2*j - 5. Let c(s) = -4*s - 2. Calculate the remainder when 53 is divided by c(k).
17
Suppose 2*z = -3*z. Let m(o) = -o + 49. What is the remainder when m(z) is divided by 34/((-10)/(-2) - 3)?
15
Suppose 0*y + 4*n + 104 = 3*y, 3*y + 4*n - 112 = 0. What is the remainder when 91 is divided by y?
19
Suppose 144 = -5*x - 2*f + f, f = 1. Let u = -17 - x. Calculate the remainder when u is divided by 5.
2
Suppose 0 = 4*b - 14 - 10. Suppose b = -5*t + 41. Let a = -3 + t. Calculate the remainder when 11 is divided by a.
3
Let o(s) = -s**3 + 19*s**2 - 16*s - 4. Calculate the remainder when o(18) is divided by 11.
10
Let u = -2 + 4. Let l(b) = -3*b. What is the remainder when l(-1) is divided by u?
1
Let d be 5/4 + 21/28. Suppose d*j - 11 = j. What is the remainder when 31 is divided by j?
9
Suppose 2*a = l + 3*l - 50, -5*l = 4*a - 30. Let i = l + 41. Suppose -2*k = -5*k + i. What is the remainder when k is divided by 9?
8
Let y(u) = 8*u**2 + 4*u + 4. Calculate the remainder when 109 is divided by y(-2).
25
Let h = 2 - -2. Suppose -l = 5*o + 1, o - 44 = -h*l - 3*o. Suppose 0 = 2*t - 3*v - l, 0*t + 3*t + 5*v = 2. Calculate the remainder when 11 is divided by t.
3
Suppose 2*u + 1 = 3. Suppose 2*o = 4*r - 6, 2*o = -5*r + 3*o + 6. What is the remainder when u is divided by r?
0
Suppose -46*r = -40*r - 306. What is the remainder when 201 is divided by r?
48
Let f = -140 + 163. What is the remainder when f is divided by 12?
11
Suppose -d + 3*w + 10 = 0, -d - 3*w + 15 = -w. What is the remainder when 50 is divided by d?
11
Let u(w) = w**2 - 2*w. Suppose 12 = -2*n + 4*n. Calculate the remainder when u(5) is divided by n.
3
Let g = -69 + 27. Let x = -4 - g. Calculate the remainder when x is divided by 13.
12
Let q(m) = 8*m - 13 + 0*m - 6*m + 1. What is the remainder when 17 is divided by q(9)?
5
Let s(r) = -r**3 - 3*r**2 + 2 + r**3 + 7*r - r**3. What is the remainder when 32 is divided by s(-5)?
15
Suppose 0 = -3*h + 2*x - 0*x + 11, -h + 3 = -x. Calculate the remainder when 19 is divided by h.
4
Let r(a) = -a**2 + 3*a. Let d(j) = -3*j**2 + 7*j - 1. Let p(x) = -2*d(x) + 5*r(x). What is the remainder when 5 is divided by p(0)?
1
Let k = -74 + 125. What is the remainder when k is divided by 13?
12
Suppose -56 = -4*a + 156. Calculate the remainder when a is divided by 6.
5
Suppose 5*k - 8 = 17. Let r = 5 + k. Calculate the remainder when 19 is divided by r.
9
Let g(q) = -q - 9. Let v be g(-4). Let i = v + 6. Let t = 0 + 1. What is the remainder when t is divided by i?
0
Suppose 3*b = 10 + 2, 3*d + 4*b - 34 = 0. Let r(c) = c**2 - 12*c + 15. Calculate the remainder when r(12) is divided by d.
3
Let u(n) = 7*n + 17. What is the remainder when u(11) is divided by 49?
45
Let q = -17 - -27. Calculate the remainder when -3*1*(-58)/6 is divided by q.
9
Let x(i) = -i**3 - 8*i**2 - 4*i - 6. Let g = -102 + 179. What is the remainder when g is divided by x(-8)?
25
Let a = -5 - -22. Let f = a + -10. Calculate the remainder when 20 is divided by f.
6
Let c = -1 + 9. Calculate the remainder when c is divided by 4.
0
Suppose -108 = -6*a - 0. Let k(t) = 18*t - 3. Calculate the remainder when k(4) is divided by a.
15
Suppose -3*j - q = -8*j + 194, 2*j - 83 = -5*q. Calculate the remainder when j is divided by 14.
11
Calculate the remainder when -1 - -6*56/12 is divided by 8.
3
Let h = 89 - 57. What is the remainder when 46 is divided by h/20*(0 - -10)?
14
Let c = 2 + 19. What is the remainder when 82 is divided by c?
19
Let a = 15 - 5. What is the remainder when a is divided by 7?
3
Let g(c) = -c**3 - c**2 + c. What is the remainder when 29 is divided by g(-3)?
14
Let n be 0 + 2 + (1 - -4). Suppose 0*r - 23 = 2*r + 5*o, -2*r + 7 = -5*o. Let u = r + n. Calculate the remainder when 7 is divided by u.
1
Suppose 0 = -o - 3*j - 12, 5 + 7 = -4*j. What is the remainder when o/((3 - 0)/(-3)) is divided by 1?
0
Let f(b) = -b**3 + 5*b**2 - 4*b + 1. What is the remainder when f(3) is divided by 5?
2
Suppose -79 = 2*q - 5*q - 5*g, -g + 41 = 2*q. Calculate the remainder when 233 is divided by q.
17
Let g(t) = -10*t + 5. Let x be ((-14)/(-4))/((-1)/2). Let c be g(x). Suppose 3*o + 33 - c = 0. What is the remainder when 25 is divided by o?
11
Suppose 0*z - 5*z = 0. Let v = 21 + z. What is the remainder when v is divided by 8?
5
Let t = 54 + -35. Calculate the remainder when 56 is divided by t.
18
Let v(a) = -a**3 - 3*a**2 - 2*a + 4. Calculate the remainder when v(-5) is divided by 13.
12
Suppose 0*k = -2*k - 20. Let f = -3 - k. Calculate the remainder when f is divided by 2.
1
Suppose 3 = -2*y + 9. Suppose y*l = m + 11, 3*l - m = -3*m + 23. Let v(s) = -s**3 + 7*s**2 - 3*s - 3. Calculate the remainder when v(l) is divided by 11.
10
Suppose 13*g - 16*g = -111. Calculate the remainder when g is divided by 3/3*57/3.
18
Let c be 390/(-18) - (-4)/6. Let n = 41 + c. Suppose 0 = 4*s - 18 - 10. Calculate the remainder when n is divided by s.
6
Suppose 33*v = 26*v + 210. Calculate the remainder when v is divided by 8.
6
Suppose 82 + 188 = 3*o. Let d = 28 + -5. Calculate the remainder when o is divided by d.
21
Suppose v - 379 = -2*r - 2*v, 3*r = -3*v + 573. Suppose -j - r = -3*f + 3*j, 5*j - 33 = -f. Calculate the remainder when f is divided by 20.
18
Let s be (3/4)/((-3)/(-12)). Suppose 8*y - s*y = 25. What is the remainder when y is divided by 3?
2
Let l(f) = -f - 1. Let a(b) = 7*b + 1. Let o(s) = -a(s) - 4*l(s). Calculate the remainder when 52 is divided by o(-5).
16
Calculate the remainder when (-2 + 35 - -2) + -4 is divided by 16.
15
Let g(n) = n**2 - n + 2. Suppose -98 = -2*j - 0*s - s, 5*s = -j + 49. Suppose -9 = 5*i - j. Calculate the remainder when g(-3) is divided by i.
6
Let k(y) = -3*y + 22. Let p be k(10). Let b = p - -44. Calculate the remainder when b is divided by 19.
17
Suppose 3*d + 1 = 4*d, -4*k + 11 = 3*d. Calculate the remainder when 3 is divided by k.
1
Let j = -5 - -10. Suppose -1 = 2*l - 11, -p + 5*l = 21. Suppose -p*c - 12 = -j*c. What is the remainder when c is divided by 7?
5
Suppose -3*g = -3*v + 711, -g - 972 = -4*v - 3*g. Calculate the remainder when v is divided by 49.
45
What is the remainder when ((-3)/5)/(10/(-550)) is divided by 18?
15
Suppose -11*c + 18 = -5*c. Let y(t) be the third derivative of t**6/120 - t**5/60 - t**4/24 - 2*t**3/3 + t**2. What is the remainder when 21 is divided by y(c)?
10
Suppose -f = -0*f - 41. What is the remainder when f is divided by 14?
13
Suppose -64*b = -60*b - 112. What is the remainder when b is divided by 12?
4
Let m(x) = -x**3 - 6*x**2 + 8*x + 9. Let c be m(-7). Calculate the remainder when 17 is divided by -1 - (-3 + c)*10.
8
Let g(n) = n - 4. Let a be g(4). Let d = 30 - 7. What is the remainder when d is divided by a/1 + 2*4?
7
Let d(j) = -j**2 + 5. Let m be d(3). Let n = 9 - -12. What is the remainder when m/(2/(-2 - 18)) is divided by n?
19
Let i be ((-4)/(-12))/(3/117). Suppose h + i = 2*h. What is the remainder when 38 is divided by h?
12
Suppose 3*j = 7*j - 100. What 